, 67
Let k(v) = 31*v + 326. What are the prime factors of k(8)?
2, 7, 41
Let m(a) = 4*a**2 + a - 2. Let p be m(-2). Suppose -c + p = 3*c, -3*j - 2*c + 27 = 0. Let k = j - 2. List the prime factors of k.
5
Let n be (21/1)/((-11)/(-88)). Let w = -35 + n. Suppose 2*s + 2*s - w = -5*i, -3*i + 4*s + 99 = 0. What are the prime factors of i?
29
Suppose 2*a - z = 1151, a + 3*z - 447 = 132. What are the prime factors of a?
2, 3
Suppose 5*n + 25 = 1385. What are the prime factors of n?
2, 17
Let w(m) = 181*m**2 + 15*m - 28. What are the prime factors of w(3)?
2, 823
Let x(u) = -6*u + 19. Let w(f) = 19*f - 58. Let h(c) = 3*w(c) + 8*x(c). List the prime factors of h(4).
2, 7
Let b be ((-8)/3)/((-1)/3). Let d be 5*b/20*1. Suppose d*s + 4*j - 74 = 0, -s + 45 - 9 = j. List the prime factors of s.
5, 7
Let d(f) = f**2 + f - 2. Let z be d(-2). Suppose 183 = -z*a + 3*a - 3*l, -5*l = -15. List the prime factors of a.
2
Suppose -h - 6*z + 98 = -5*z, h = 2*z + 107. What are the prime factors of h?
101
Let j(t) = t**2 + 27*t + 21. Let c(x) = -x**2 - 26*x - 22. Let g(z) = -5*c(z) - 6*j(z). List the prime factors of g(-13).
3, 7, 11
Suppose 0 = 25*k - 27*k + 678. What are the prime factors of k?
3, 113
Suppose -8*g - 18 = -5*g. Let k be (-28)/g - (-6)/(-9). Suppose -k*b - 110 = -5*l, -5*l + 2*b = 7*b - 155. List the prime factors of l.
2, 13
Suppose -10*o = -1829 - 6541. List the prime factors of o.
3, 31
Let s(j) = 2*j + 11. Let z be s(-6). Let h = z - -96. List the prime factors of h.
5, 19
Suppose -6*b + 9 = -27. Suppose 0 = 4*l + v - 445, 5*l + 3*v - b = 545. What are the prime factors of l?
2, 7
Let s(j) = 267*j**2 + 14*j + 20. What are the prime factors of s(-4)?
2, 3, 353
List the prime factors of (-4)/(-7) + (6 - (-23360)/35).
2, 337
Suppose -3*u = -5 - 4. Let t be -4*u/(-6)*1. Suppose 5*s - 115 + 0 = -5*r, 5*r = -t*s + 40. List the prime factors of s.
5
What are the prime factors of (568/(-16))/(1*(-2)/116)?
29, 71
Let o = 25 + -24. Let k(j) = -10*j**3 + j**2 - 1. Let s be k(o). List the prime factors of (s/(-8))/((-1)/(-20)).
5
What are the prime factors of (1401/(-2))/((-42)/28)?
467
Let r(b) = b**2 + 5*b + 1. Let z(j) = -j**2 + 6*j - 6. Let w be z(6). Let h be r(w). Suppose -3*f = 12, h*q = 4*q - f + 113. What are the prime factors of q?
3, 13
Let x be (-2)/5 - (-7416)/(-60). Let f = -88 - x. Suppose 2*y - 5*c - 28 = f, -14 = -y - 2*c. List the prime factors of y.
2, 11
Let s(k) = -18*k**3 - 3*k**2 - 4*k - 3. What are the prime factors of s(-4)?
1117
Suppose 4*f + f = -3*h + 1072, 0 = -h + 5*f + 384. List the prime factors of h.
2, 7, 13
Suppose 2 = -3*o - v + 12, 2*v = -3*o + 14. Suppose -o = 5*c - 3*d - 5, -4*c + 2 = -2*d. Suppose c = 4*u - 38 - 118. List the prime factors of u.
3, 13
Let z(h) = 2 - h**2 + 16*h - 25*h + 9*h + 7*h. Let s(j) = -j + 2. Let g be s(-4). What are the prime factors of z(g)?
2
Suppose -l - 13 = -2*b, -2*b = 2*b - l - 25. Suppose -b = 5*f - 16. Suppose -f*d = m - 45, 2*d + 2*d - 5*m = 97. What are the prime factors of d?
23
Let a be 120/(-28) + 4 + (-60)/(-14). Suppose -q - 461 = -5*c, -3*c - a*q = -0*c - 272. List the prime factors of c.
2, 23
Let h(r) = -r**3 + 2*r**2 - r. Let f be h(1). Suppose -403 = -4*w - 6*x + 3*x, 5*x - 25 = f. What are the prime factors of w?
97
List the prime factors of ((-3)/(-2))/((-6)/(-476)).
7, 17
Let h = 1224 + -641. What are the prime factors of h?
11, 53
Suppose -19 = 4*f - 3. Let d(g) = 3*g + 11. Let o be d(f). What are the prime factors of (-5)/(o*2/4)?
2, 5
Suppose 3*f - 2*t = 1381, 5*f = 6*t - 2*t + 2303. List the prime factors of f.
3, 17
Let v be 33/6 + (-2)/4. Suppose t + 2*a = -0*a, -2*t - 3*a + 3 = 0. Suppose v*x - 74 = t. What are the prime factors of x?
2
Let h = 149 + -15. Let b = h - 77. What are the prime factors of b?
3, 19
Let o(z) = 398*z + 20. List the prime factors of o(10).
2, 5
Let p = 27 + -23. Suppose 221 = -z + 5*h, -p*z + 2*z + 2*h = 458. What are the prime factors of z/(-4) - (-9)/(-12)?
3, 19
Suppose 0 = y - a - 355, 0*y + 4*y - 1392 = -3*a. Suppose 4*n = 21 + y. List the prime factors of n.
3, 31
Let q(a) = a**2 - 7*a - 1. Let y(b) = -3*b**2 + 20*b + 2. Let h(n) = 11*q(n) + 4*y(n). Let o be h(3). What are the prime factors of 34 + (o + 5)/2?
5, 7
Let t(z) = -z**3 - 4*z**2 - 4*z + 1. Let f(m) = -6*m + 2. Let p(k) = -k**3 + 10*k**2 + 1. Let l be p(10). Let s be f(l). What are the prime factors of t(s)?
17
Suppose -2*i + 185 - 105 = 0. Suppose 0 + i = 8*w. What are the prime factors of w?
5
Let v = 2 + -9. Let b = 10 + v. Suppose 3*i - 9 = -5*t, 0 = 5*t - 0*t - b*i - 21. What are the prime factors of t?
3
Let f(k) = -5*k**2 - 9*k + 1. Let d = 25 - 22. Let w(g) = 4*g**2 + 8*g - 2. Let i(c) = d*f(c) + 4*w(c). What are the prime factors of i(5)?
3, 5
Suppose 213 = 3*l - d, -d - 3*d = l - 58. Let c = -39 + l. Let k = c - -5. List the prime factors of k.
2, 3
Let h(u) = -u + 7. Let x be h(0). Suppose 4*a = -5*z + 2*a + 28, 0 = -z + a + x. Let i = z - -29. List the prime factors of i.
5, 7
List the prime factors of 3810/4 - (8/16 - 1).
953
Let p = 15 + -14. Let z = p + 30. List the prime factors of z.
31
List the prime factors of (-1321)/(1/1*3/(-3)).
1321
Suppose -i - 1512 = -4*g - 5*i, 0 = 5*g + 4*i - 1890. What are the prime factors of g?
2, 3, 7
Let t(b) = 9*b + 0*b - 21*b - 4 - 13*b. Let i be t(-6). Suppose i = 9*y - 124. List the prime factors of y.
2, 3, 5
Let l be (5 - 3) + -1 + 4. Suppose -l*x = -0*x - 480. Suppose -2*r = -5*r + x. List the prime factors of r.
2
Suppose 429*d - 431*d + 9270 = -5*y, -3*d - 2*y + 13886 = 0. What are the prime factors of d?
2, 5, 463
Let f(b) = -3*b - 10 - 11*b**2 - b**3 + 6*b**2 - 4. What are the prime factors of f(-6)?
2, 5
Suppose g = n + 3 + 6, 0 = 2*n + 3*g - 2. Let t(p) = -p**3 - 6*p**2 - 6*p - 2. Let l be t(n). Let y = 4 + l. List the prime factors of y.
7
Suppose -5*p + 25 = 4*i, -4*i - 5 = -2*p + p. Suppose 2*d + 2*d - 611 = -5*n, p*d - 775 = -4*n. List the prime factors of d.
3, 53
Suppose -a + 363 = 3*j + 110, 79 = j - 5*a. Suppose 3*t = -259 + 85. Let s = j + t. What are the prime factors of s?
2, 13
Suppose 6*w - 9 = 9. Suppose -3*a = y - 239, 118 = 3*a - w*y - 125. List the prime factors of a.
2, 5
Let c(p) be the third derivative of -p**5/30 - p**4/12 + p**3 + 2*p**2. Let o be c(-4). List the prime factors of (12/o)/((-4)/210).
5, 7
Let u(i) = 639*i - 761. List the prime factors of u(4).
5, 359
Let g(c) = -c**3 + 4*c**2 - 4*c - 3. Let s be g(4). Let y = -64 - s. Let m = y - -75. List the prime factors of m.
2, 3, 5
Let i = 18 - 15. Let q = i - -1. What are the prime factors of 6/(-12) - (-106)/q?
2, 13
Suppose -4*k - 1847 = -3*x, -3*x - 27*k + 1871 = -25*k. List the prime factors of x.
3, 23
Let j(o) = o**3 + 8*o**2 + o + 10. Let p be j(-7). Suppose 0 = -f + t + p, -f + 6*f - 220 = -3*t. List the prime factors of f.
47
List the prime factors of (-35 - -3011) + (8 - 1) + -2.
11, 271
Suppose 2*q - 10 = -2*b, 2 + 3 = -4*b + q. Let f be 56 - -1 - b/5. Suppose 5*c = 2*n - 10, 6*c - 3*c = -3*n + f. What are the prime factors of n?
3, 5
Let k(r) = r - 13. Let p(g) = -g + 12. Let a(h) = -5*k(h) - 6*p(h). Let b = -29 + 39. What are the prime factors of a(b)?
3
Let j(c) = c**3 + 4*c**2 - 14*c - 4. Let f(h) = 2*h - 5*h - 2 + 7*h. Let l be f(-1). What are the prime factors of j(l)?
2
Suppose 6 - 1 = f. Suppose -4*l + 3*c = 7, -c - 9 + 4 = -f*l. Suppose -l*z + 4 + 4 = 0. What are the prime factors of z?
2
Suppose -1700 = -2*t + 6028. What are the prime factors of t?
2, 3, 7, 23
Let r be 9/((-405)/(-460)) + (-4)/18. Suppose -2*b = 4*y + 368, -4*y - 3*b - 380 = 2*b. What are the prime factors of (6/r)/((-2)/y)?
3
What are the prime factors of (-6)/(-4) + (-2348)/(-8)?
5, 59
Suppose 8*g + 15831 = 17*g. List the prime factors of g.
1759
Let y(p) = p**2 + 7*p + 8. Let n be y(-6). Let x be (8/12)/(n/63). Let g = x - -5. List the prime factors of g.
2, 13
Suppose -4*z = -4*u - 5*z - 1, 2 = 5*u - 2*z. Let a = u - -33. What are the prime factors of a?
3, 11
Let s(f) = -f**3 + 3*f - 4. Suppose 0 = 5*u - 4 + 24. What are the prime factors of s(u)?
2, 3
List the prime factors of 35155/7 - ((-288)/(-112))/(-3).
5023
Suppose 0 = 2*v + l - 977, 5*v - 3*l - 2437 = -0*l. Suppose w + 7*w - v = 0. What are the prime factors of w?
61
Let p = 331 + -